he units digit of s?
9
Let h = -4 - -9. What is the units digit of h?
5
Suppose 2*a - 17 = -j, 39 - 2 = 2*j + 5*a. Suppose j = -3*h + 4*h. What is the units digit of h?
1
Let s be (-3)/(-2)*20/(-6). Let a = 43 + s. What is the units digit of a?
8
Let n be 12/(-8)*4/6. Let a(q) = -6*q - 1. What is the units digit of a(n)?
5
Suppose -508 + 2560 = 12*d. What is the units digit of d?
1
Let z(u) = 2*u**2 + 2*u - 1. Let d be z(1). Suppose d*i + 0*i = 24. What is the units digit of i?
8
Let r(g) = -2*g - 4. Let m be r(-3). Suppose -4*j - 106 = -m*y + 18, 124 = -4*j + 5*y. Let l = -18 - j. What is the tens digit of l?
1
Let j(q) = 20*q. What is the units digit of j(4)?
0
Suppose -1 = -h + c, 2*c = h - 3*c - 9. What is the tens digit of 19/((-4)/(-5 - h))?
1
Suppose 5*q + 4*b - 102 = 0, 30 = 2*q + 4*b - 18. Let p(f) = f**2 - 9*f + 12. Let s be p(8). Suppose q = s*j + 2. What is the units digit of j?
4
Let z(p) = -2*p - 5. Let j be z(-4). Let o(i) = i**3 - 3*i**2 + 4*i - 2. What is the units digit of o(j)?
0
Let p(z) = z**3 - 14*z**2 + 9*z + 5. Let g be p(14). Let c = -85 + g. What is the tens digit of c?
4
Suppose 5*n - n - 2*q = 6, 2*n = -5*q - 3. Let d(b) = 12*b**3 + 1 - 3*b**3 + 3*b**3 - 2*b + 2*b**2. What is the units digit of d(n)?
3
Let w(s) = 2*s + 4*s - 3 + 4*s - s. What is the units digit of w(3)?
4
Let u(l) = -4*l**2 - 2 + 3 - 5 + 3*l**2 + 7*l. What is the units digit of u(5)?
6
Let c(m) = 44*m + 1. Let d be c(1). Let q = d - 32. What is the tens digit of q?
1
What is the units digit of (-6 + 2)/((-1)/4)?
6
Suppose 0 = -2*g + 8 - 2. Let n(f) be the third derivative of f**4/24 + 2*f**3/3 - 2*f**2. What is the units digit of n(g)?
7
Let b = -3 - -9. Suppose -4*z + 9 = -z - 5*a, 2*z = -5*a + b. What is the units digit of z?
3
Let t = 15 + -15. Let s(k) = k**3 + k**2 + 2*k + 40. What is the tens digit of s(t)?
4
Suppose -3*i + 2*u + 149 = 2*i, -3*i - 4*u + 105 = 0. What is the tens digit of i?
3
Suppose -5*u - 30 = -j, -5*j = -j + 3*u - 28. Suppose c = 4, -c = -2*w - 2*c + j. What is the units digit of w?
3
Let d be (-8)/(-1)*(2 - -9). Let j = -52 + d. What is the units digit of j?
6
Let w = 1 - -1. Let t(x) = x**2 + 6*x + 3. Let h be t(-6). Suppose 0 = w*b + h*b + 20, i + 5*b = -17. What is the units digit of i?
3
Suppose q - 2*q - 3*n = -17, 3 = 4*q - n. Suppose q*s = -2*s + 36. Suppose -k = -5*k + 16, 5*z - s = 4*k. What is the units digit of z?
5
Let b(z) = z**2 + 5*z + 5. Let s be b(-4). Let v(w) = w**2 - 4*w - 1. Let p be v(5). Suppose s = -p*x - h, h + h + 15 = 5*x. What is the units digit of x?
1
Suppose -3*x - 4*c - 4 = -0*x, 0 = -5*c - 20. Suppose -i = 4*v - 77, -x*v - v + 4*i = -70. What is the tens digit of v?
1
Suppose 6*w = 38 + 130. Let o(p) = p**3 + 4*p**2 - 1. Let v be o(-2). Suppose -w = 3*z - v*z. What is the units digit of z?
7
Suppose -3*p - 2*b + 247 = 0, 2*p - 3*b - 169 = -0*p. What is the tens digit of p?
8
Let i = -4 - -7. Suppose 62 = 2*c - i*v - v, c = v + 28. Suppose -2*j + 5 = z, 5*z - c = 4*j + j. What is the units digit of z?
5
Suppose -4*o - o = -100. Suppose -3*m - o = -8*m. What is the units digit of m + -1 - (1 + -4)?
6
Let p be (2/(-1)*-1)/1. Let n(j) = -j**2 + 5*j - 1. What is the units digit of n(p)?
5
Let k = -15 - -14. Let n(p) be the second derivative of 2*p**4/3 + p**3/6 - p. What is the units digit of n(k)?
7
Let d = 17 - 16. What is the units digit of (-2 - d)*76/(-6)?
8
What is the units digit of 68/(1 - 3)*-1?
4
Suppose 5*b = 3*b + 14. Suppose 22 - b = 5*h. Suppose 4 - 9 = 2*u + h*p, -25 = -u + 4*p. What is the units digit of u?
5
Let k(d) = -d**3 - 4*d**2 + 19*d + 6. What is the tens digit of k(-7)?
2
Let s(d) = 3*d**2 + 2*d + 1. Let v be s(2). Suppose 17 = y + 7. Let f = v - y. What is the units digit of f?
7
Let r(z) = -z**3 - 6*z**2 - 2*z + 5. What is the tens digit of r(-6)?
1
Suppose 4*l + 0*l + c = 8, c = -3*l + 5. Let t be ((-20)/2)/2*l. Let p = t - -24. What is the units digit of p?
9
What is the hundreds digit of (2296/(-42))/((-10)/(-6) - 2)?
1
Let n = 80 - 46. What is the tens digit of n?
3
Let r = -34 - -49. What is the units digit of r?
5
Suppose -25*f - 4 = -27*f. What is the units digit of f?
2
Suppose 5*h - 35 = -10. What is the units digit of 28/h*(-50)/(-20)?
4
Let x(i) = -3*i - 6. What is the tens digit of x(-9)?
2
Let w = -36 - -47. What is the tens digit of w?
1
Let k(b) = -b**2 + 5*b + 5. Let n be k(5). Suppose 4*v + n = 17. What is the units digit of v?
3
Let n = 4 + -3. Let l be -1 - (-1 + 0)*n. Let b = l + 4. What is the units digit of b?
4
Let l be -30 + 0/2 + 1. Let t = l + 57. What is the units digit of t?
8
Suppose 3*v = 5*k + 22, -2*v + 23 = k - 6*k. Let y = v + 2. Suppose -4*q = -y - 3. What is the units digit of q?
1
Let w = 200 + -83. What is the units digit of w?
7
What is the tens digit of (1 - -54)*(1 + 0)?
5
Suppose 4*c = 4 + 8. Suppose -2*t = -t - 4*s - 6, -4*t = -c*s - 76. Suppose -38 = -4*a + t. What is the tens digit of a?
1
Suppose 32 = 5*s - 3. Let k(d) = d**2 - 6*d + 1. What is the units digit of k(s)?
8
Suppose 0 = 5*u, 3*q - 2*u + 16 = 154. What is the units digit of q?
6
Suppose 5*k = 5, 1 = 3*c + 4*k - 12. Suppose 3*o + 7 = t, -t + c*o = -5*t + 13. What is the units digit of t?
4
Suppose 5*l - 2 = -5*q + 8, -5*q = 3*l - 8. Let n = q - 4. Let j = n - -11. What is the units digit of j?
8
Let l(v) be the first derivative of 22*v**3/3 + v - 7. What is the tens digit of l(1)?
2
Suppose -z + 6*z - 10 = w, 4 = z. Let y be (1 - -1) + 0 - w. Let t = y + 14. What is the units digit of t?
6
Suppose -2*v + 5*y = -0*v - 28, -3*v - 5*y - 8 = 0. Suppose 7 = v*m - 45. What is the tens digit of m?
1
Let b(x) = x + 6. Let n be b(-6). Let j(z) be the third derivative of z**6/120 + z**5/60 - z**4/24 + 3*z**3/2 - 15*z**2. What is the units digit of j(n)?
9
Suppose -2*a = -12 - 12. What is the tens digit of (-18)/a*(-52)/6?
1
Let z = 12 - 4. Suppose -29 = -v - z. What is the units digit of v?
1
Let b be (-45)/12 - 1/4. Let h be (-2)/b + (-5)/(-2). What is the units digit of (-1 - -12)/(h - 2)?
1
Let o be (9/3)/((-3)/(-5)). Let u be 1 - -1 - 0/o. Suppose t = -u*t + 9. What is the units digit of t?
3
Let w be (-6)/9 + (-41)/(-3). Let c = w + -8. What is the units digit of ((-1)/2)/(c/(-80))?
8
Let t be 2/8*(1 + 3). Let c be t*((2 - 3) + 4). Suppose 0 = c*b - 4*v + 6, -4*v + 4 = -8. What is the units digit of b?
2
Let c = -3 + 6. Suppose c*z - 9 + 92 = 4*r, 3*r = 2*z + 61. What is the units digit of r?
7
Let j be (-24)/((-2)/4*1). Let o(g) = 4*g + 1. Let c be o(3). Suppose -j = -5*x - c. What is the units digit of x?
7
Suppose 7*g = 6*g - 8. What is the tens digit of (-6)/g + 1302/56?
2
Let u(i) = i + 5. Let j = -7 + 12. Let d be u(j). What is the units digit of 3/2*d/3?
5
Suppose 2*f + f = -4*l + 44, 3*f - 4 = l. What is the units digit of l?
8
Let s = 55 - -39. Suppose k = 4*h - 137, 2*h - s = -h - k. What is the tens digit of h?
3
Let i(s) = -2*s - 1. Let n be i(-3). Suppose -39 = -n*l - 4*w, 4*l - 16 = 2*l - 2*w. What is the units digit of l?
7
Let s(g) be the second derivative of -g**3/6 + 11*g**2/2 - 3*g. Let t be s(11). Suppose -6*x + 3*x + 15 = 2*k, t = k - 4*x + 9. What is the units digit of k?
3
Let q(n) be the first derivative of n**5/60 + n**4/4 - n**3 - 3*n**2/2 - 1. Let g(x) be the second derivative of q(x). What is the units digit of g(-7)?
1
Let n be (15/20)/((-3)/(-408)). Suppose 3*q - 3 = n. What is the tens digit of q?
3
Suppose 2*a = -2*j + 322, 4*a = -5*j + 552 + 249. What is the tens digit of j?
5
Let q be 6*((-12)/9)/1. What is the tens digit of (-1 + q/(-6))*39?
1
Suppose -21*v + 1056 = -18*v. What is the tens digit of v?
5
Suppose 0*v = -2*v - 2*y - 62, y + 163 = -5*v. Let z = -6 - v. What is the tens digit of z?
2
Let l be (-6)/5*(-5)/2. Suppose -l*n + 28 = 4*a, 0 = a + 2*a + 3*n - 21. What is the units digit of a?
7
Suppose 7 = -3*i + 757. What is the units digit of i?
0
Suppose 5*o - 15 = 0, 4*o + 111 = 3*w + 3*o. What is the units digit of w?
8
Let w(m) = 3*m**3 + 9*m**2 - 6*m - 5. Let v(y) = 4*y**3 + 10*y**2 - 7*y - 6. Let t(p) = -4*v(p) + 5*w(p). Let k = 4 - 2. What is the units digit of t(k)?
7
Let r(q) = q**3 + 7*q**2 + q + 3. Let m be r(-7). Let f be m + 1 - 63/(-9). Suppose -f*z + 80 = 4*d, -2*d + 85 = 4*z - 3*d. What is the tens digit of